0. What is v(-4)?
52
Let b(q) = 2284*q + 62047. Determine b(-27).
379
Let c(y) = 455*y - 3951. Give c(11).
1054
Let t(c) = 2231*c + 147132. Calculate t(-66).
-114
Let l(t) = -15056*t - 47389. Calculate l(-3).
-2221
Let t(h) = -1269*h - 233521. What is t(-184)?
-25
Let h(t) = 2169*t - 34734. Determine h(16).
-30
Let a(x) = 2293315*x - 50452930. Give a(22).
0
Let k(r) = r**3 + 12*r**2 - 1643*r - 21187. What is k(-13)?
3
Let w(g) = -36*g**2 - 588*g + 1307. Determine w(2).
-13
Let c(h) = -4*h**2 + 75*h + 541. Calculate c(-13).
-1110
Let s(k) = 333*k + 3791. Calculate s(-11).
128
Let f(t) = -t**2 - 59078*t + 4732640. Give f(80).
0
Let x(s) = -5163*s + 722815. What is x(140)?
-5
Let n(t) = -t**3 + 34*t**2 + 5*t + 413. Determine n(35).
-637
Let b(q) = -q**2 - 69*q - 176. Determine b(-57).
508
Let p(i) = 2*i**2 + 2632*i + 249877. Calculate p(-103).
-1
Let z(b) = -b**2 + 86*b + 7619. Give z(139).
252
Let m(o) = -6293*o + 132034. What is m(21)?
-119
Let r(g) = -2*g**2 - 122*g - 118. Give r(-1).
2
Let y(i) = 111*i + 3337. Determine y(-29).
118
Let f(r) = 4*r**2 - 131*r + 310. Determine f(20).
-710
Let s(a) = 1583*a - 134301. Calculate s(85).
254
Let v(f) = 6104*f + 122102. Give v(-20).
22
Let w(g) = 2027*g + 133331. Determine w(-66).
-451
Let b(m) = m**3 - 33*m**2 + 538*m + 18. Determine b(14).
3826
Let o(l) = -l**3 - 12*l**2 - 122*l - 3645. Give o(-17).
-126
Let c(m) = -20575*m + 144108. What is c(7)?
83
Let f(h) = 3348*h + 87063. Calculate f(-26).
15
Let y(j) = -708*j - 106218. Determine y(-150).
-18
Let n(j) = 3*j**3 + 533*j**2 + 950*j + 105492. What is n(-177)?
0
Let u(z) = -z**2 + 3886*z + 1765974. What is u(-411)?
-93
Let h(s) = 45*s**2 - 6106*s - 6099. Give h(-1).
52
Let a(u) = -u**3 + 73*u**2 + 37*u + 2731. Determine a(74).
-7
Let a(j) = -j**3 - 15*j**2 - 27*j + 340. Calculate a(-14).
522
Let v(r) = -3*r**3 - 220*r**2 - 72*r + 149. What is v(-73)?
76
Let c(r) = r**3 - 173*r**2 - 363*r + 92037. Give c(172).
17
Let w(k) = -21*k**2 - 23*k + 116. What is w(-4)?
-128
Let f(z) = -12637*z + 113637. Determine f(9).
-96
Let x(z) = -8607*z - 129098. Determine x(-15).
7
Let x(h) = -15513*h - 868732. Calculate x(-56).
-4
Let j(w) = -11*w**2 + 38127*w + 152559. Determine j(-4).
-125
Let k(y) = 218*y**3 + 21*y**2 - 35*y + 14. What is k(1)?
218
Let x(m) = 23*m**2 - 2813*m + 545. Calculate x(122).
-309
Let k(g) = -288*g**3 - 5472*g**2 - 106*g - 2032. What is k(-19)?
-18
Let x(t) = -50*t**2 - 317*t - 650. What is x(-5)?
-315
Let k(a) = 2605*a + 70249. Give k(-27).
-86
Let r(y) = 218*y - 14607. What is r(68)?
217
Let r(p) = -56686*p + 396809. Give r(7).
7
Let k(n) = -21*n**2 + 356*n - 27. Give k(17).
-44
Let v(h) = -495*h**2 - 507873*h - 3087. Determine v(-1026).
-9
Let t(j) = 7*j**2 - 457*j - 2453. Give t(-5).
7
Let d(j) = 75*j - 2985. Determine d(40).
15
Let u(m) = 2*m**2 + 431*m + 13679. Give u(-39).
-88
Let f(o) = -6*o**2 + 140*o - 2255. Give f(14).
-1471
Let w(a) = 83314*a + 583201. What is w(-7)?
3
Let q(s) = -4*s**3 - 253*s**2 + 1600*s + 187. Give q(-69).
-710
Let f(i) = -2805*i + 39184. Calculate f(14).
-86
Let l(p) = -11*p**2 + 7*p - 57. Determine l(-13).
-2007
Let d(r) = r**3 - 27*r**2 + 136*r + 563. Give d(16).
-77
Let a(j) = -619*j - 91220. What is a(-147)?
-227
Let o(w) = -26*w**3 - 392*w**2 + 128*w + 2375. What is o(-15)?
5
Let p(s) = 30*s + 13549. Give p(-452).
-11
Let m(n) = -564*n - 165310. Give m(-293).
-58
Let m(i) = -i**3 + 65*i**2 - 267*i + 10. Calculate m(5).
175
Let m(s) = -s**3 + 45*s**2 - 140*s - 954. Give m(41).
30
Let j(w) = -116*w - 13214. Determine j(-121).
822
Let q(a) = 3*a**2 + 551*a + 17747. What is q(-142)?
-3
Let d(l) = 5204*l + 51990. Give d(-10).
-50
Let c(b) = -6*b**3 + 144*b**2 - 25*b + 540. What is c(24)?
-60
Let w(i) = 5*i**2 - 80*i - 147. Calculate w(38).
4033
Let s(q) = 542*q + 123. What is s(0)?
123
Let h(m) = 18630*m + 109484. Calculate h(-6).
-2296
Let x(m) = m**3 + 875*m**2 - 9743*m - 42. What is x(11)?
-9
Let a(m) = 129*m**2 + 18*m - 67. Calculate a(5).
3248
Let p(z) = z**2 + 1838*z - 46. What is p(0)?
-46
Let r(c) = -27*c**2 + 3388*c - 55766. Give r(106).
-10
Let d(j) = j**3 + 13*j**2 + 2318*j + 6888. Give d(-3).
24
Let b(w) = -184*w**2 - 1227*w + 442. Determine b(-7).
15
Let b(v) = -v**3 + 313*v**2 - 6512*v + 32010. Calculate b(291).
0
Let b(v) = 13*v**3 - 29*v**2 + 3*v + 58. Give b(3).
157
Let w(b) = -777*b + 159493. Determine w(205).
208
Let h(m) = 32*m**2 + 1317*m + 114. What is h(-41)?
-91
Let h(d) = 860*d - 18937. Determine h(23).
843
Let y(a) = -8433*a + 8335. Calculate y(1).
-98
Let r(a) = a**2 - 744*a + 130976. Determine r(458).
-12
Let a(q) = -150*q**3 + 5699*q**2 + 36*q + 50. What is a(38)?
-26
Let g(f) = -11*f**2 + 137*f + 121. Give g(14).
-117
Let n(c) = c**3 - 58*c**2 + 255*c + 3561. What is n(12)?
-3
Let c(z) = 1364*z - 2159. Determine c(2).
569
Let j(t) = -33*t**3 + 1421*t**2 - 98*t + 543. What is j(43)?
27
Let g(j) = 6*j**2 - 59*j + 99. What is g(11)?
176
Let v(t) = 93*t + 6223. What is v(-75)?
-752
Let w(a) = 278705*a - 1114828. What is w(4)?
-8
Let l(b) = -2*b**3 - 356*b**2 - 10223*b + 47. Calculate l(-36).
11
Let u(w) = -4*w**2 + 115*w + 666. Give u(31).
387
Let x(v) = v**3 - 436*v**2 - 53603*v - 336. Determine x(-100).
-36
Let i(b) = -b**2 + 642*b + 64. Calculate i(0).
64
Let w(j) = j**3 + 31*j**2 + 198*j - 62. Give w(-27).
-2492
Let c(a) = 1438*a + 24895. Give c(-15).
3325
Let r(c) = -2069*c + 10352. What is r(5)?
7
Let y(j) = -1196*j + 92984. What is y(78)?
-304
Let h(o) = 2856*o - 11457. Calculate h(4).
-33
Let p(g) = -36*g**2 + 2690*g - 21. Determine p(76).
-3517
Let q(i) = 51532*i + 51299. Determine q(-1).
-233
Let k(r) = r**3 + 18*r**2 + 229*r - 4260. Calculate k(9).
-12
Let u(p) = 10*p**2 + 670*p - 10384. What is u(16)?
2896
Let f(p) = 524*p**2 - 3149*p + 52. Give f(6).
22
Let a(w) = -13886*w - 83006. Calculate a(-6).
310
Let d(k) = k**3 - 30*k**2 + 117*k + 634. What is d(14)?
-864
Let o(x) = -557*x - 22837. Give o(-41).
0
Let o(i) = i**3 - 17*i**2 + 131*i - 2922. What is o(16)?
-1082
Let k(b) = 9*b**3 - 247*b**2 + 919*b + 37. Give k(23).
14
Let b(k) = -4*k**2 - 417*k - 1621. Determine b(-101).
-308
Let f(z) = 510*z + 248372. Give f(-487).
2
Let z(t) = 4422*t - 88443. Give z(20).
-3
Let h(q) = -q**2 - 1293*q - 297963. Determine h(-300).
-63
Let w(m) = 17*m**2 - 1342*m - 7208. Calculate w(84).
16
Let i(a) = -a**2 - 75*a + 5449. Calculate i(45).
49
Let a(k) = 12*k**2 + 279*k + 1211. Give a(-19).
242
Let q(w) = 14*w**2 - 2174*w + 2780. What is q(154)?
8
Let x(t) = 4*t**3 - 92*t**2 - 131*t - 27. What is x(0)?
-27
Let i(s) = -262*s - 48686. What is i(-185)?
-216
Let i(u) = -4173*u - 613366. Give i(-147).
65
Let o(p) = 2*p**2 + 256*p + 7822. What is o(-77)?
-32
Let x(g) = -g**3 - 23*g**2 + 6515*g + 127. Give x(70).
477
Let z(g) = -118447*g - 18714628. Determine z(-158).
-2
Let v(a) = -246*a + 5944. Calculate v(24).
40
Let p(j) = 51*j + 304. Calculate p(-5).
49
Let o(i) = -104*i**2 - 3363*i - 24763. Give o(-21).
-4
Let a(o) = o**2 - 363*o + 26472. Give a(101).
10
Let r(s) = 15*s**3 - 1248*s**2 + 260*s - 880. Calculate r(83).
33
Let t(p) = -51*p**2 + 158*p + 45. Give t(4).
-139
Let b(s) = -s**3 + 223*s**2 + 938*s - 6863. What is b(227)?
-53
Let g(t) = t**2 + 322*t - 8598. Calculate g(24).
-294
Let f(z) = -2*z**2 + 43*z + 162. Determine f(22).
140
Let z(b) = 19*b**3 + 76*b**2 - 54*b - 243. What is z(-4)?
-27
Let v(u) = 6304*u - 151024. Calculate v(24).
272
Let h(c) = 3*c**2 - 1914*c - 572765. Give h(860).
-5
Let p(q) = q**3 + 25*q**2 + 154*q + 21. Give p(-10).
-19
Let x(v) = -190*v**2 + 3578*v + 607. Give x(19).
-1
Let i(h) = 1846*h - 236426. Determine i(128).
-138
Let f(m) = -m**3 - 342*m**2 + 311*m - 10820. Give f(-343).
156
Let l(i) = -i**2 - 20639*i - 309275. Calculate l(-15).
85
Let q(a) = 7067*a + 134294. Give q(-19).
21
Let w(y) = 4*y**2 - 609*y + 15046. Determine w(31).
11
Let h(v) = 3714*v + 51991. Calculate h(-14).
-5
Let o(u) = 1331*u + 13578. Determine o(-11).
-1063
Let v(f) = -18*f**3 + 8*f**2 - 4410*f - 8850. Give v(-2).
146
Let j(d) = -2189*d - 8901. Calculate j(-4).
-145
Let a(l) = -2*l**3 - 324*l**2 + 80*l - 40104. What is a(-163)?
-6
Let f(r) = r**2 - 76125*r - 1675357. Determine f(-22).
-123
Let v(m) = -2*m**2 + 508*m - 17473. Calculate v(41).
-7
Let j(d) = -244*d**2 + 2103